 81?
76
Calculate the remainder when 375 is divided by 95.
90
Calculate the remainder when 139 is divided by 83.
56
What is the remainder when 1257 is divided by 21?
18
What is the remainder when 1495 is divided by 45?
10
Calculate the remainder when 58 is divided by 12.
10
What is the remainder when 380 is divided by 113?
41
What is the remainder when 56 is divided by 54?
2
What is the remainder when 681 is divided by 127?
46
What is the remainder when 1173 is divided by 47?
45
What is the remainder when 1513 is divided by 92?
41
What is the remainder when 97 is divided by 92?
5
Calculate the remainder when 688 is divided by 5.
3
What is the remainder when 1479 is divided by 37?
36
Calculate the remainder when 206 is divided by 43.
34
Calculate the remainder when 2042 is divided by 39.
14
What is the remainder when 1295 is divided by 40?
15
Calculate the remainder when 52651 is divided by 14.
11
What is the remainder when 1041 is divided by 146?
19
What is the remainder when 1062 is divided by 333?
63
Calculate the remainder when 686 is divided by 341.
4
Calculate the remainder when 202 is divided by 82.
38
What is the remainder when 593 is divided by 47?
29
What is the remainder when 54 is divided by 7?
5
Calculate the remainder when 1933 is divided by 326.
303
Calculate the remainder when 1074 is divided by 118.
12
Calculate the remainder when 140 is divided by 35.
0
Calculate the remainder when 3210 is divided by 161.
151
Calculate the remainder when 595 is divided by 23.
20
What is the remainder when 1406 is divided by 11?
9
Calculate the remainder when 3985 is divided by 35.
30
What is the remainder when 16 is divided by 2?
0
Calculate the remainder when 170 is divided by 107.
63
Calculate the remainder when 254 is divided by 64.
62
What is the remainder when 1534 is divided by 48?
46
What is the remainder when 22898 is divided by 51?
50
What is the remainder when 705 is divided by 693?
12
What is the remainder when 8 is divided by 3?
2
Calculate the remainder when 881 is divided by 220.
1
Calculate the remainder when 3573 is divided by 65.
63
Calculate the remainder when 7 is divided by 5.
2
Calculate the remainder when 9 is divided by 7.
2
What is the remainder when 524 is divided by 25?
24
What is the remainder when 1233 is divided by 13?
11
What is the remainder when 934 is divided by 85?
84
What is the remainder when 404 is divided by 125?
29
What is the remainder when 40 is divided by 27?
13
What is the remainder when 238 is divided by 34?
0
What is the remainder when 15640 is divided by 11?
9
What is the remainder when 1341 is divided by 48?
45
What is the remainder when 566 is divided by 111?
11
What is the remainder when 254 is divided by 83?
5
What is the remainder when 12077 is divided by 4?
1
Calculate the remainder when 2786 is divided by 31.
27
Calculate the remainder when 1972 is divided by 132.
124
Calculate the remainder when 320 is divided by 23.
21
What is the remainder when 82 is divided by 30?
22
What is the remainder when 166 is divided by 3?
1
Calculate the remainder when 6656 is divided by 6652.
4
What is the remainder when 590 is divided by 118?
0
Calculate the remainder when 213 is divided by 104.
5
What is the remainder when 43083 is divided by 167?
164
Calculate the remainder when 54 is divided by 19.
16
What is the remainder when 224 is divided by 37?
2
Calculate the remainder when 161 is divided by 55.
51
Calculate the remainder when 909 is divided by 298.
15
Calculate the remainder when 651 is divided by 51.
39
What is the remainder when 1594 is divided by 390?
34
Calculate the remainder when 171 is divided by 39.
15
What is the remainder when 370 is divided by 182?
6
Calculate the remainder when 435 is divided by 40.
35
Calculate the remainder when 11028 is divided by 59.
54
Calculate the remainder when 1695 is divided by 6.
3
What is the remainder when 382 is divided by 70?
32
Calculate the remainder when 15339 is divided by 137.
132
Calculate the remainder when 366 is divided by 41.
38
Calculate the remainder when 250 is divided by 14.
12
What is the remainder when 2717 is divided by 10?
7
What is the remainder when 174 is divided by 45?
39
Calculate the remainder when 1694 is divided by 7.
0
What is the remainder when 1523 is divided by 170?
163
What is the remainder when 108 is divided by 37?
34
What is the remainder when 6804 is divided by 6?
0
Calculate the remainder when 389 is divided by 10.
9
What is the remainder when 429 is divided by 41?
19
What is the remainder when 57 is divided by 20?
17
What is the remainder when 180 is divided by 48?
36
What is the remainder when 117 is divided by 26?
13
Calculate the remainder when 126 is divided by 32.
30
What is the remainder when 103 is divided by 15?
13
What is the remainder when 3218 is divided by 1594?
30
What is the remainder when 415 is divided by 52?
51
Calculate the remainder when 24 is divided by 5.
4
What is the remainder when 2787 is divided by 93?
90
Calculate the remainder when 250 is divided by 13.
3
What is the remainder when 138 is divided by 37?
27
What is the remainder when 2436 is divided by 44?
16
Calculate the remainder when 1239 is divided by 17.
15
What is the remainder when 745 is divided by 340?
65
Calculate the remainder when 18942 is divided by 19.
18
What is the remainder when 173 is divided by 94?
79
Calculate the remainder when 245 is divided by 36.
29
Calculate the remainder when 140 is divided by 58.
24
Calculate the remainder when 54 is divided by 15.
9
What is the remainder when 6580 is divided by 183?
175
What is the remainder when 373 is divided by 14?
9
What is the remainder when 26 is divided by 24?
2
What is the remainder when 669 is divided by 24?
21
What is the remainder when 4841 is divided by 29?
27
Calculate the remainder when 142 is divided by 16.
14
Calculate the remainder when 199 is divided by 66.
1
Calculate the remainder when 233 is divided by 73.
14
Calculate the remainder when 89 is divided by 31.
27
What is the remainder when 432 is divided by 87?
84
What is the remainder when 115 is divided by 9?
7
Calculate the remainder when 256 is divided by 13.
9
Calculate the remainder when 464 is divided by 93.
92
Calculate the remainder when 47 is divided by 14.
5
What is the remainder when 237 is divided by 36?
21
What is the remainder when 251 is divided by 9?
8
Calculate the remainder when 706 is divided by 5.
1
What is the remainder when 2500 is divided by 167?
162
Calculate the remainder when 565 is divided by 2.
1
Calculate the remainder when 1541 is divided by 1531.
10
Calculate the remainder when 5700 is divided by 35.
30
What is the remainder when 93 is divided by 14?
9
Calculate the remainder when 267 is divided by 120.
27
Calculate the remainder when 181 is divided by 46.
43
What is the remainder when 101 is divided by 31?
8
Calculate the remainder when 11256 is divided by 139.
136
What is the remainder when 168 is divided by 82?
4
What is the remainder when 32942 is divided by 55?
52
Calculate the remainder when 2476 is divided by 1216.
44
What is the remainder when 587 is divided by 137?
39
What is the remainder when 227 is divided by 49?
31
Calculate the remainder when 232 is divided by 60.
52
What is the remainder when 5148 is divided by 50?
48
What is the remainder when 175 is divided by 33?
10
What is the remainder when 47 is divided by 28?
19
What is the remainder when 451 is divided by 51?
43
What is the remainder when 1329 is divided by 19?
18
What is the remainder when 2694 is divided by 537?
9
Calculate the remainder when 1376 is divided by 48.
32
What is the remainder when 1677 is divided by 35?
32
What is the remainder when 126 is divided by 30?
6
Calculate the remainder when 403 is divided by 84.
67
What is the remainder when 361 is divided by 15?
1
Calculate the remainder when 2097 is divided by 60.
57
What is the remainder when 91 is divided by 62?
29
Calculate the remainder when 368 is divided by 32.
16
Calculate the remainder when 70 is divided by 22.
4
What is the remainder when 166 is divided by 32?
6
What is the remainder when 439 is divided by 3?
1
Calculate the remainder when 1242 is divided by 212.
182
What is the remainder when 5444 is divided by 35?
19
What is the rema